ctor of d and 45.
9
Let a(r) = -35*r - 7. Let g be -2*(3 - (-2)/(-4)). Let v be a(g). What is the highest common factor of 21 and v?
21
Let t = -38 + 46. Calculate the highest common factor of t and 8.
8
Let n be (-5)/(-15) + (0 - (-404)/12). What is the greatest common divisor of n and 51?
17
Suppose -a + 15 = 4*a. Let p be (2/5)/(a/60). What is the greatest common factor of 8 and p?
8
Suppose 3*v - 59 = 214. Calculate the highest common divisor of v and 26.
13
Suppose 0 = 8*k + 4*k - 60. Suppose -2*i = -i - 2. Calculate the greatest common divisor of k and i.
1
Let b be ((-4)/3 - -1)*-6. Suppose 5*q = -b*v + v + 13, -2 = 2*v - 4*q. Suppose 0 = 8*s - 3*s - 15. Calculate the highest common factor of s and v.
3
Suppose -19 = -3*a - 4*d, -3*a + 20 = -a - d. Let x be (-3)/(-6)*18*15. Suppose -x = -g - 4*g. What is the greatest common factor of a and g?
9
Let n be (14/(-5))/(1/5). Let l(i) = -11*i - 2. Let m be l(-2). Let f = n + m. Calculate the highest common factor of 12 and f.
6
Let b = -25 - -49. Calculate the highest common divisor of b and 40.
8
Let j(t) = 3*t**3 + 6*t**2 + 4*t - 4. Let a be j(3). Calculate the highest common factor of a and 13.
13
Suppose r - 1 = 2*o, 0*r + 5*r + 19 = 4*o. Let g = r - -19. Calculate the greatest common divisor of g and 30.
6
Let t = -1 + 5. Suppose 0 = -2*m - 3*i + 5, 3*i = -t*m - 0*i + 7. Let s be 3 - 5 - (-1 + -2). Calculate the highest common divisor of m and s.
1
Let o = 4 - 2. Suppose 0 = 2*j - 4*f + o*f, 5*f = 20. Calculate the highest common divisor of 2 and j.
2
Let v = -9 - -12. Suppose -4 = -4*h - 2*q, 0 = -5*q - 5 - 5. Suppose v*i - 7 = h*i. What is the greatest common divisor of 28 and i?
7
Suppose -3*a - 9 = -4*v, v + 7 = -3*a - 2. Let j = v - -16. What is the greatest common factor of j and 16?
16
Suppose 5*u + 5*z + 46 = -134, 5*u + 2*z = -177. Let d = u + 72. Suppose 0 = 4*f - 4*n - 32, -5*f - n = -d + 9. What is the greatest common factor of 24 and f?
6
Let y be (-8)/30*12*-35. What is the highest common divisor of y and 16?
16
Let d(u) = 6*u**3 + u**2 + u + 1. Let a be d(-1). Let b(k) = 2*k**2 + 8*k + 4. Let t be b(a). What is the greatest common factor of 2 and t?
2
Let p(x) = -5*x**3 + 2*x**2 + 4*x + 2. Let w be (-153)/68 - (-1)/4. Let r be p(w). Calculate the highest common factor of 14 and r.
14
Let k(l) = -23*l - 3. Let g be k(-6). What is the greatest common divisor of g and 27?
27
Suppose 2*x - 5*h + 21 = 4*x, -4*x - 4*h = -12. Let t be (x/6)/(3/(-45)). Calculate the highest common divisor of t and 5.
5
Suppose 0 = -5*w + 845 - 245. Suppose 65 + w = 5*f. Let g = f - 22. Calculate the highest common divisor of g and 30.
15
Let l(i) = -2*i - 2. Let z be l(-7). Let h = z + -3. Calculate the greatest common divisor of 9 and h.
9
Let v be (-11)/(1/(2 + -1))*-8. Calculate the greatest common divisor of v and 11.
11
Suppose 2*w - 25 = 5. What is the greatest common factor of 10 and w?
5
Let u(w) = -2 + 3*w**3 + w - 2 + 3 - w**2. Let g be u(1). Suppose 31 - 1 = g*j. Calculate the highest common divisor of j and 15.
15
Let j be 24*2*(-6)/(-9). What is the greatest common divisor of 8 and j?
8
Let h be -6*2/(-4) - -245. Suppose -w + 50 = 5*g, 0 = 5*w + 3*g - h - 46. Calculate the highest common factor of 30 and w.
30
Let q = 0 + 9. Calculate the highest common divisor of 81 and q.
9
Let z(b) = -b - 3. Let s be z(-7). Let a = 7 - s. Calculate the highest common factor of 12 and a.
3
Let x = 73 - 49. Calculate the greatest common divisor of x and 120.
24
Let x = 38 - 14. Let u be (-35)/2*x/(-14). Let g be (3*4)/((-1)/(-1)). What is the highest common divisor of g and u?
6
Let c(m) = m**3 + 8*m**2 - 10*m + 2. Let t be c(-9). What is the highest common divisor of t and 77?
11
Suppose 5*t - 42 = -127. Let q = -11 - t. Let j(a) = -a**2 + 7*a. Let f be j(6). Calculate the greatest common divisor of q and f.
6
Let l(w) = -w - 7. Let z be l(-9). Let g be (z + -2 - 2) + 138. What is the highest common factor of 17 and g?
17
Suppose 45 = n - 5*t, -3*n - 135 = -6*n - 2*t. Suppose 2*q = 3 + n. Let i be 1/(1*(-2)/(-12)). Calculate the highest common factor of i and q.
6
Let g be -8 + (-2 - (-1 - 2)). Let m be (-292)/14 - (-4)/(-28). Let f = g - m. What is the highest common divisor of f and 140?
14
Suppose -4*v = -0*v - 224. Let w = -10 + 18. Calculate the highest common divisor of v and w.
8
Suppose -32 = -0*j - j. Let o = j - 21. Let d(b) = 31*b**2 - 2*b + 1. Let w be d(2). Calculate the greatest common factor of o and w.
11
Suppose 2*q - 10 = -0*q. Let l be 1/(-5) + 181/q. Suppose 5 = -2*g + 29. Calculate the greatest common divisor of g and l.
12
Suppose 17 + 3 = 2*m. Let l be -20*((-42)/8)/7. What is the greatest common divisor of l and m?
5
Let q(g) = 10*g - 4 - 2*g - 6 + g**2. Let h be q(-8). Let l be -6*(6/(-3) + h). Calculate the highest common divisor of 9 and l.
9
Suppose u + 567 = 8*u. What is the highest common factor of u and 9?
9
Let c(s) be the third derivative of s**5/60 - s**4/24 + s**3 + 3*s**2. Let t be c(6). Calculate the greatest common factor of 24 and t.
12
Let a be -3*1/(-5 + 4) - 0. Calculate the greatest common divisor of 12 and a.
3
Suppose 0 = -3*i + 5*y + 2, -2*y - 20 = -3*i - 6*y. Suppose i*m = -m + 160. Suppose 0 = 2*z - 4*z + m. Calculate the greatest common divisor of 144 and z.
16
Let q(o) = 3*o - 5. Let p(u) = -5*u + 10. Let c(n) = -4*p(n) - 10*q(n). Let r be -8 + 0/1 + 0. Let l be c(r). What is the highest common divisor of 10 and l?
10
Let d(y) = -y**2 + 7*y - 1. Let r be d(6). Suppose m - r*m + 72 = 0. Calculate the highest common factor of 12 and m.
6
Let l be (0 + 2 - 54)*-1. Suppose -l = -5*f + 113. What is the greatest common factor of 22 and f?
11
Let d be (-252)/2*(-2 + 1). Let k = 6 - -8. Calculate the greatest common factor of k and d.
14
Suppose w = 3 - 0. Suppose w*l - 4*l = -6. Let z = -7 + 10. Calculate the greatest common divisor of z and l.
3
Let h(o) = 26*o - 2. Let t be h(-3). Let y be ((-3)/5)/(8/t). Calculate the greatest common factor of 30 and y.
6
Let x = 14 + -10. Let n = -4 + 6. Suppose -n*r - 3*u + 144 = 0, 148 = r + r + x*u. What is the highest common factor of r and 6?
6
Let i be (78/(-9))/(4/(-66)). Let v = 79 + -66. Calculate the greatest common divisor of v and i.
13
Suppose 0 = -c - 0*w - 2*w + 6, -2*w = 3*c - 34. Let y = 6 + -5. Let g = y - -1. Calculate the greatest common factor of g and c.
2
Let q be (-3)/((-30)/104)*(-15)/(-6). What is the highest common factor of 78 and q?
26
Let p(a) = a**2 - 3*a. Let u be p(-11). What is the greatest common divisor of 14 and u?
14
Let l be ((-3)/5)/((-3 - -6)/(-375)). Calculate the highest common factor of l and 25.
25
Let r(j) = -3*j**3 - 3*j**2 - 3*j - 1. Let x be r(-2). Suppose 0 = 4*k + 3*f - x, -k - f + 2 = -2. Calculate the greatest common divisor of k and 5.
5
Suppose 0 = -6*t + 267 + 129. Calculate the highest common divisor of t and 6.
6
Suppose -d = 0, 5*d = -2*z - 0*z + 26. Calculate the highest common divisor of 13 and z.
13
Let m be (-54)/(-15) + (-6)/10. Suppose i = l + m*i + 5, 2*l - 18 = 3*i. Calculate the greatest common divisor of l and 24.
3
Let c be 3*52/48*4. What is the highest common factor of c and 65?
13
Let w = -31 - -45. What is the highest common factor of 126 and w?
14
Let o(b) = b**2 - 3*b - 2. Let s be o(6). Let t = 111 + -69. Let f = t + -2. What is the greatest common factor of f and s?
8
Let j be 1266/45 + (-6)/45. Calculate the highest common factor of j and 7.
7
Let t = -22 + 38. Calculate the highest common divisor of t and 24.
8
Let h = -2 - -18. Suppose -4*m = 4*v - h, 0*v = 3*m - 3*v. Calculate the highest common divisor of m and 5.
1
Let n(r) = -r**3 + 8*r**2 + 9*r + 3. Let v be n(9). Let o = 1 - v. Let d be (-1)/(o/(-18)*-1). What is the highest common divisor of 6 and d?
3
Let i = 27 - 18. Calculate the highest common factor of i and 3.
3
Suppose n + 1 = 6. Suppose -n*s + 37 + 8 = 0. Calculate the greatest common divisor of 27 and s.
9
Suppose 3*p = -2*a - 21, 4*p + 8 + 14 = -2*a. Let z be (a + -2)/(-2 + 1). What is the highest common divisor of z and 11?
11
Let d be (-4)/(-2)*297/6. Let s be (-108)/(-10) - 8/(-40). Let r(g) = g**3 - 11*g**2 + g - 2. Let m be r(s). What is the greatest common divisor of m and d?
9
Let t = 176 + -120. Calculate the g